ultiple of 57?
False
Is 3 a factor of 343284?
True
Is 2917060 a multiple of 24?
False
Does 38 divide 267330?
True
Is 181 a factor of 629823?
False
Does 176 divide 441232?
True
Is 172 a factor of 48676?
True
Is 2933193 a multiple of 67?
True
Is 198203 a multiple of 89?
True
Is 11 a factor of 74041?
True
Is 19 a factor of 566143?
True
Does 54 divide 326420?
False
Is 1187 a factor of 7411677?
False
Is 95634 a multiple of 63?
True
Is 177864 a multiple of 8?
True
Does 12 divide 96581?
False
Is 46685 a multiple of 4?
False
Does 529 divide 2430163?
False
Is 774410 a multiple of 35?
True
Is 120 a factor of 300720?
True
Is 27 a factor of 1680426?
True
Is 19052538 a multiple of 1382?
False
Is 8 a factor of 4488448?
True
Is 28 a factor of 16632594?
False
Is 801232 a multiple of 16?
True
Does 723 divide 565386?
True
Does 7 divide 100884?
True
Is 812 a factor of 2055172?
True
Is 41154807 a multiple of 409?
True
Is 208238 a multiple of 113?
False
Is 727 a factor of 1295245?
False
Does 876 divide 4939764?
True
Does 349 divide 51786?
False
Does 345 divide 4479825?
True
Is 879040 a multiple of 268?
True
Is 30 a factor of 6061080?
True
Is 178104 a multiple of 181?
True
Does 9 divide 2066898?
False
Does 25 divide 86499?
False
Is 25432407 a multiple of 189?
True
Is 312529 a multiple of 17?
False
Is 632610 a multiple of 22?
True
Is 40 a factor of 1402520?
True
Does 7 divide 9025110?
False
Is 447024 a multiple of 556?
True
Is 27628452 a multiple of 1076?
True
Is 12 a factor of 1444018?
False
Is 22 a factor of 53745?
False
Does 40 divide 1979968?
False
Does 3 divide 5941?
False
Is 17030 a multiple of 27?
False
Is 13 a factor of 631436?
True
Does 21 divide 53508?
True
Is 476 a factor of 326060?
True
Is 2660808 a multiple of 116?
True
Is 205561 a multiple of 94?
False
Does 58 divide 108228?
True
Does 24 divide 6528?
True
Is 459008 a multiple of 352?
True
Is 1442213 a multiple of 31?
True
Is 31 a factor of 1798527?
True
Is 43 a factor of 85828?
True
Is 77 a factor of 35805?
True
Does 556 divide 420913?
False
Is 20 a factor of 279635?
False
Is 1390 a multiple of 31?
False
Does 7 divide 2620282?
True
Is 48604 a multiple of 29?
True
Does 238 divide 3329382?
True
Is 551 a factor of 2707844?
False
Is 385 a factor of 74305?
True
Is 24910 a multiple of 20?
False
Is 593708 a multiple of 1414?
False
Is 176773 a multiple of 13?
False
Does 12 divide 32943?
False
Is 15 a factor of 1168667?
False
Is 11 a factor of 8537042?
False
Is 14 a factor of 7937048?
True
Is 67 a factor of 76341?
False
Does 245 divide 5520009?
False
Is 108472 a multiple of 44?
False
Does 127 divide 274828?
True
Does 13 divide 392948?
False
Does 338 divide 44330?
False
Is 43 a factor of 43346?
False
Is 9579264 a multiple of 192?
True
Is 329309 a multiple of 217?
False
Is 161 a factor of 1374135?
True
Is 5389938 a multiple of 10?
False
Is 82 a factor of 1136684?
True
Is 479290 a multiple of 334?
True
Is 4499569 a multiple of 78?
False
Is 754207 a multiple of 1007?
False
Is 51 a factor of 1466200?
False
Does 58 divide 19203858?
True
Does 50 divide 4129400?
True
Is 2187070 a multiple of 185?
True
Is 13 a factor of 812708?
True
Is 152439 a multiple of 20?
False
Does 13 divide 2123922?
False
Is 13 a factor of 3752198?
False
Is 11 a factor of 1144332?
False
Does 20 divide 217445?
False
Is 200345 a multiple of 17?
True
Is 424 a factor of 19179028?
False
Does 38 divide 32171?
False
Is 379119 a multiple of 22?
False
Does 215 divide 387537?
False
Does 45 divide 290115?
True
Does 50 divide 2643300?
True
Does 11 divide 2383639?
False
Does 8 divide 1910443?
False
Does 27 divide 5296860?
True
Is 1551008 a multiple of 8?
True
Is 93 a factor of 8887?
False
Is 39 a factor of 353705?
False
Is 198 a factor of 12085477?
False
Is 834715 a multiple of 115?
False
Is 617 a factor of 5604211?
True
Does 65 divide 50884?
False
Is 91196 a multiple of 3?
False
Is 90712 a multiple of 17?
True
Is 78 a factor of 202391?
False
Is 6561152 a multiple of 834?
False
Does 11 divide 188364?
True
Is 310763 a multiple of 13?
False
Is 345004 a multiple of 3?
False
Does 19 divide 17366?
True
Does 64 divide 198754?
False
Is 205282 a multiple of 14?
True
Does 93 divide 444730?
False
Is 57278 a multiple of 13?
True
Is 23 a factor of 1013932?
True
Does 16 divide 258372?
False
Does 27 divide 254435?
False
Does 151 divide 204706?
False
Is 14 a factor of 10957?
False
Is 285126 a multiple of 89?
False
Is 261 a factor of 471651?
False
Is 25578 a multiple of 29?
True
Is 3400661 a multiple of 225?
False
Does 493 divide 3902588?
True
Is 451960 a multiple of 10?
True
Is 14 a factor of 144087?
False
Is 3 a factor of 428997?
True
Is 45643 a multiple of 6?
False
Does 7 divide 1588546?
False
Does 7 divide 48082?
False
Is 140 a factor of 42250?
False
Is 29 a factor of 846742?
True
Is 5 a factor of 9380?
True
Does 15 divide 954022?
False
Is 4 a factor of 1940110?
False
Is 481 a factor of 14163526?
True
Is 16937364 a multiple of 66?
False
Is 7636860 a multiple of 210?
True
Does 106 divide 762235?
False
Is 18 a factor of 1620?
True
Does 13 divide 74919?
True
Is 58618 a multiple of 106?
True
Is 3882908 a multiple of 209?
False
Is 11 a factor of 40876?
True
Does 882 divide 2170602?
True
Is 134319 a multiple of 6?
False
Is 4328229 a multiple of 298?
False
Is 291070 a multiple of 26?
True
Is 103 a factor of 341651?
True
Is 218 a factor of 830510?
False
Does 14 divide 5647600?
True
Is 40 a factor of 19584240?
True
Does 6 divide 908718?
True
Does 57 divide 163672?
False
Does 44 divide 1525480?
True
Is 159637 a multiple of 61?
True
Is 66 a factor of 524238?
True
Does 492 divide 296283?
False
Is 4234131 a multiple of 99?
True
Is 693225 a multiple of 585?
True
Is 75 a factor of 75235?
False
Does 20 divide 72198?
False
Is 7173246 a multiple of 537?
True
Is 82770 a multiple of 93?
True
Does 12 divide 93?
False
Is 323010 a multiple of 582?
True
Does 8 divide 161790?
False
Is 14 a factor of 129614?
False
Is 65 a factor of 161591?
False
Does 13 divide 181168?
True
Is 9418611 a multiple of 8?
False
Does 730 divide 2553540?
True
Does 60 divide 38901180?
True
Is 11790500 a multiple of 1395?
False
Is 220 a factor of 502301?
False
Does 6 divide 234930?
True
Is 176148 a multiple of 4?
True
Does 14 divide 462854?
True
Is 486915 a multiple of 6?
False
Does 100 divide 296200?
True
Does 35 divide 173856?
False
Is 262458 a multiple of 490?
False
Is 23 a factor of 572309?
True
Is 13817 a multiple of 32?
False
Is 2533239 a multiple of 116?
False
Does 169 divide 747994?
True
Does 122 divide 65758?
True
Is 2 a factor of 4956?
True
Is 383103 a multiple of 16?
False
Is 30 a factor of 2981658?
False
Is 4 a factor of 1072?
True
Does 104 divide 13416?
True
Does 7 divide 170600?
False
Is 204933 a multiple of 2?
False
Is 84 a factor of 63370?
False
Is 130418 a multiple of 39?
False
Is 256590 a multiple of 15?
True
Does 115 divide 11828900?
True
Does 56 divide 42516?
False
Does 173 divide 54149?
True
Is 192 a factor of 963264?
True
Does 28 divide 1591005?
False
Does 135 divide 1072985?
False
Does 16 divide 1007047?
False
Is 56 a factor of 2899403?
False
Is 371395 a multiple of 502?
False
Is 51828 a multiple of 28?
True
Is 5 a factor of 1840950?
True
Does 50 divide 323191?
False
Is 208 a factor of 121500?
False
Is 76 a factor of 219032?
True
Is 207350 a multiple of 134?
False
Is 60216 a multiple of 12?
True
Is 19 a factor of 107722?
False
Does 399 divide 434112?
True
Is 32151 a multiple of 18?
False
Is 25 a factor of 1360650?
True
Is 203 a factor of 63133?
True
Is 90 a factor of 79020?
True
Is 10628800 a multiple of 16?
True
Is 2524 a factor of 15931496?
False
Is 107879 a multiple of 7?
False
Is 114 a factor of 36138?
True
Is 19 a factor of 1892510?
False
Is 132132 a multiple of 156?
True
Is 16 a factor of 214256?
True
Is 87831 a multiple of 25?
False
Is 524 a factor of 35049914?
False
Does 88 divide 8360?
True
Is 999672 a multiple of 69?
True
Is 240838 a multiple of 42?
False
Is 9 a factor of 173646?
True
Does 14 divide 31515?
False
Is 12111745 a multiple of 896?
False
Does 173 divide 4807497?
True
Is 54 a factor of 88560?
True
Is 4 a factor of 674855?
False
Is 18 a factor of 28402236?
True
Is 67002 a multiple of 45?
False
Does 213 divide 2683549?
False
Does 69 divide 109292?
False
Is 91 a factor of 12532